101100000111011
In base 4, what is 2332 + -112?
2220
In base 5, what is -100331 - -4444?
-40332
In base 2, what is 10 - -11111000011000?
11111000011010
In base 8, what is 1 - 6207?
-6206
In base 2, what is 101000010010 - 10101000?
100101101010
In base 16, what is 60a - 76?
594
In base 13, what is 9331 - 7?
9327
In base 11, what is 10 - 364?
-354
In base 14, what is 3 + -14c60?
-14c5b
In base 4, what is -3322322 - 32?
-3323020
In base 6, what is 113 - 1330?
-1213
In base 9, what is 10688 - -68?
10767
In base 8, what is -1 + 6536?
6535
In base 10, what is -18788 + -26?
-18814
In base 4, what is 22 - -1202111?
1202133
In base 2, what is 10101010011011111101 + -11?
10101010011011111010
In base 15, what is -2b8021 - -1?
-2b8020
In base 9, what is 3154 - 68?
3075
In base 11, what is 134477 + -2?
134475
In base 2, what is 100100110001010 - -101?
100100110001111
In base 5, what is -1422124 + 1?
-1422123
In base 14, what is -2683 - 58?
-26db
In base 15, what is -3 + -c1d3?
-c1d6
In base 12, what is 1b - -2b?
4a
In base 15, what is -7d6a + -8?
-7d73
In base 14, what is -39 + -1ba?
-215
In base 2, what is 11000 + -1111110001?
-1111011001
In base 8, what is 1 - -37734?
37735
In base 5, what is -100112223 - 2?
-100112230
In base 5, what is 3 - 103300?
-103242
In base 11, what is -275477 + 2?
-275475
In base 16, what is 10 + 6ea?
6fa
In base 4, what is -1131321 + 10120?
-1121201
In base 16, what is 1d02 + 3?
1d05
In base 4, what is -122 - 101320121?
-101320303
In base 4, what is 322303 - 1012?
321231
In base 7, what is -11 - 5326?
-5340
In base 12, what is 1784 - -307?
1a8b
In base 7, what is 3 + -35114?
-35111
In base 8, what is 75772 - 16?
75754
In base 7, what is 16664 + 2314?
22311
In base 4, what is 22 + -1122033233?
-1122033211
In base 4, what is 1012212 + 2103?
1020321
In base 2, what is -100110111 - -10010?
-100100101
In base 5, what is -304442 + 140?
-304302
In base 5, what is 4223 + -43400?
-34122
In base 12, what is 4 + 14521b?
145223
In base 2, what is -1011 - 1001101011?
-1001110110
In base 13, what is -58912 + 4?
-5890b
In base 8, what is 0 + -25454?
-25454
In base 13, what is -16 - -2515?
24cc
In base 4, what is -1012202222 - 1?
-1012202223
In base 12, what is -5a33 + -3?
-5a36
In base 7, what is 2 + -43455?
-43453
In base 4, what is -2332000220 + -2?
-2332000222
In base 8, what is -1 - 37262?
-37263
In base 10, what is 12925 - 3?
12922
In base 15, what is -3 - -1676c?
16769
In base 15, what is -9 + 58eb?
58e2
In base 7, what is -632 + -11122?
-12054
In base 4, what is 110302 - -30103?
201011
In base 6, what is -4 - -5130005?
5130001
In base 2, what is -10101100001110010 - 100?
-10101100001110110
In base 7, what is 2415 - 341?
2044
In base 13, what is 0 + -29a64?
-29a64
In base 5, what is 0 - -30142044?
30142044
In base 6, what is -4 - 21532?
-21540
In base 9, what is -5048 - -10?
-5038
In base 2, what is 11010 + -100001110101?
-100001011011
In base 4, what is 130 + 112222?
113012
In base 3, what is 200022 - 1011022?
-111000
In base 13, what is 2 + -45ba?
-45b8
In base 4, what is -322332201 - -2?
-322332133
In base 13, what is -7 - 934?
-93b
In base 14, what is -39 - -4bd?
484
In base 16, what is 17 - -40da?
40f1
In base 16, what is 1fe - 80e?
-610
In base 3, what is -20201211 - -100?
-20201111
In base 2, what is 101000110 + 110?
101001100
In base 12, what is -3b5 - -180?
-235
In base 10, what is 1 + -257093?
-257092
In base 4, what is 113232 + 212132?
332030
In base 5, what is 111 + 142112?
142223
In base 3, what is 100001212 - 12121?
22212021
In base 3, what is 102 - 10120020?
-10112211
In base 6, what is 0 + 1330253?
1330253
In base 8, what is -371350 + -1?
-371351
In base 6, what is -41502 + -143?
-42045
In base 9, what is -36 + 4417?
4371
In base 14, what is 34ad - 1d?
3490
In base 15, what is 1eb + 15?
211
In base 5, what is -1 + -20004311?
-20004312
In base 14, what is -116c + -18?
-1186
In base 16, what is 2413d - 7?
24136
In base 6, what is 4 - -241?
245
In base 8, what is 155612 + -3?
155607
In base 6, what is -11 + -105445?
-105500
In base 16, what is -a + -47793?
-4779d
In base 7, what is -504 - 11?
-515
In base 8, what is -2715702 - 1?
-2715703
In base 13, what is 0 - -13638?
13638
In base 2, what is -1101001101 - -10010011111?
101010010
In base 10, what is -65 - 81?
-146
In base 3, what is -12 - 10102010220?
-10102011002
In base 10, what is 3 + 61?
64
In base 7, what is 3 + 202401?
202404
In base 12, what is -2b - -243?
214
In base 8, what is 47 + 151262?
151331
In base 15, what is a1e - 13a?
8d4
In base 6, what is 105 + 340222?
340331
In base 7, what is -112343 + -12?
-112355
In base 12, what is a011 + -51?
9b80
In base 6, what is 144540 - 102?
144434
In base 13, what is 3 - 65a?
-657
In base 15, what is -e1e - 1d?
-e3c
In base 6, what is -53 + 11442?
11345
In base 4, what is -300122033 - -11?
-300122022
In base 12, what is 117 - -79?
194
In base 15, what is -4 + -9b61?
-9b65
In base 9, what is -23008 + 0?
-23008
In base 7, what is -1 - 146626?
-146630
In base 14, what is -806 + d1?
-715
In base 3, what is -10 + 200020021200?
200020021120
In base 14, what is 10 + 5cd0?
5d00
In base 9, what is 74346 - 2?
74344
In base 7, what is -2 - -4343?
4341
In base 11, what is -705 + -70?
-775
In base 10, what is -1 - -12161?
12160
In base 12, what is 1400975 + 2?
1400977
In base 10, what is 7 - -2265?
2272
In base 3, what is 10210 + 122110?
210020
In base 9, what is -2848 - 4631?
-7580
In base 15, what is -5865 - -6?
-585e
In base 3, what is -101101222 + 11011?
-101020211
In base 8, what is -1165 + 1276?
111
In base 5, what is 101411 - -322?
102233
In base 10, what is -4 + 5930?
5926
In base 4, what is 1 + 110130113?
110130120
In base 16, what is 8 + 410a?
4112
In base 5, what is -124 - -212?
33
In base 11, what is 35 - -5122?
5157
In base 4, what is -3 + 11022331323?
11022331320
In base 14, what is -4 + -cdc?
-d02
In base 11, what is 31082 + 4?
31086
In base 3, what is 10 - 20020210?
-20020200
In base 13, what is 214c + 21?
2170
In base 15, what is -21278 + -1?
-21279
In base 2, what is 1011111100000110111001 - -1?
1011111100000110111010
In base 5, what is 1440100 - -10?
1440110
In base 8, what is -215 + -171?
-406
In base 5, what is -224 - -20031?
14302
In base 2, what is 11110000111011110 - -100?
11110000111100010
In base 5, what is 11343111 + 0?
11343111
In base 6, what is -4552 + -34?
-5030
In base 9, what is 5 + -242682?
-242676
In base 3, what is 210022100110 + 21?
210022100201
In base 8, what is -1 - 317517?
-317520
In base 8, what is -4250 - -66?
-4162
In base 2, what is -101000 - 100111110111000?
-100111111100000
In base 6, what is 254 + -5313?
-5015
In base 12, what is 4 + -2667b7?
-2667b3
In base 8, what is 53277 - -5?
53304
In base 8, what is 2516 + 1026?
3544
In base 16, what is -392 + b9?
-2d9
In base 16, what is 9 - -cf5?
cfe
In base 14, what is -2 + 17114?
17112
In base 2, what is 10111 + 1001110101101?
1001111000100
In base 14, what is -8 + 4514?
450a
In base 16, what is -4 + -73af?
-73b3
In base 16, what is -b - 2340?
-234b
In base 3, what is 1011111000 + 12?
1011111012
In base 11, what is 10 + -2961?
-2951
In base 8, what is -4 + 245377?
245373
In base 14, what is d6 - -93c?
a34
In base 9, what is -42 - -188731?
188678
In base 14, what is 1 - -62b8?
62b9
In base 5, what is -41214 - -22?
-41142
In base 16, what is 6 - 9227?
-9221
In base 12, what is 848 - 347?
501
In base 3, what is 11 + -120012?
-120001
In base 6, what is 104 + 2131451?
2131555
In base 11, what is -13 - -19698?
19685
In base 12, what is -375661 - -2?
-37565b
In base 15, what is 12a90 + 1?
12a91
In base 10, what is -4 + 192160?
192156
In base 14, what is 2 + -10da95?
-10da93
In base 12, what is 7 + 14463?
1446a
In base 11, what is -22215 - -1?
-22214
In base 12, what is 7 - 3207a?
-32073
In base 13, what is -1baa9 + 1?
-1baa8
In base 15, what is 3c + -708?
-6bb
In base 5, what is 224343404 - 1?
224343403
In base 13, what is -10b + a26a?
a15c
In base 3, what is -21220 - 1212120?
-2011110
In base 6, what is -124 + 1325523?
1325355
In base 13, what is 228c5 - 4?
228c1
In base 11, what is 1 - -2130?
2131
In base 7, what is 2 - 6500511?
-6500506
In base 3, what is -11202012021 - -12?
-11202012002
In base 4, what is 1013221 + -10030?
1003131
In base 7, wh